[INFO] fetching crate substrate-test-utils 2.0.0-rc6...
[INFO] checking substrate-test-utils-2.0.0-rc6 against master#af3c6e733a40e671550e0f0f5aeecaa13772ba56 for pr-74989
[INFO] extracting crate substrate-test-utils 2.0.0-rc6 into /workspace/builds/worker-7/source
[INFO] validating manifest of crates.io crate substrate-test-utils 2.0.0-rc6 on toolchain af3c6e733a40e671550e0f0f5aeecaa13772ba56
[INFO] running `Command { std: "/workspace/cargo-home/bin/cargo" "+af3c6e733a40e671550e0f0f5aeecaa13772ba56" "read-manifest" "--manifest-path" "Cargo.toml", kill_on_drop: false }`
[INFO] started tweaking crates.io crate substrate-test-utils 2.0.0-rc6
[INFO] finished tweaking crates.io crate substrate-test-utils 2.0.0-rc6
[INFO] tweaked toml for crates.io crate substrate-test-utils 2.0.0-rc6 written to /workspace/builds/worker-7/source/Cargo.toml
[INFO] running `Command { std: "/workspace/cargo-home/bin/cargo" "+af3c6e733a40e671550e0f0f5aeecaa13772ba56" "generate-lockfile" "--manifest-path" "Cargo.toml" "-Zno-index-update", kill_on_drop: false }`
[INFO] running `Command { std: "/workspace/cargo-home/bin/cargo" "+af3c6e733a40e671550e0f0f5aeecaa13772ba56" "fetch" "--locked" "--manifest-path" "Cargo.toml", kill_on_drop: false }`
[INFO] [stderr]     Blocking waiting for file lock on package cache
[INFO] running `Command { std: "docker" "create" "-v" "/var/lib/crater-agent-workspace/builds/worker-7/target:/opt/rustwide/target:rw,Z" "-v" "/var/lib/crater-agent-workspace/builds/worker-7/source:/opt/rustwide/workdir:ro,Z" "-v" "/var/lib/crater-agent-workspace/cargo-home:/opt/rustwide/cargo-home:ro,Z" "-v" "/var/lib/crater-agent-workspace/rustup-home:/opt/rustwide/rustup-home:ro,Z" "-e" "SOURCE_DIR=/opt/rustwide/workdir" "-e" "CARGO_TARGET_DIR=/opt/rustwide/target" "-e" "CARGO_HOME=/opt/rustwide/cargo-home" "-e" "RUSTUP_HOME=/opt/rustwide/rustup-home" "-w" "/opt/rustwide/workdir" "-m" "1610612736" "--user" "0:0" "--network" "none" "rustops/crates-build-env@sha256:d92eaeed33fa75130ca1ee6c8a01d1ffb62bac859dfdfb3450e3e5d1c0146529" "/opt/rustwide/cargo-home/bin/cargo" "+af3c6e733a40e671550e0f0f5aeecaa13772ba56" "metadata" "--no-deps" "--format-version=1", kill_on_drop: false }`
[INFO] [stdout] 0a265bb86a6d7703dd48538c7ccd9681cae90e50729984e63c4551b0499a2295
[INFO] [stderr] WARNING: Your kernel does not support swap limit capabilities or the cgroup is not mounted. Memory limited without swap.
[INFO] running `Command { std: "docker" "start" "-a" "0a265bb86a6d7703dd48538c7ccd9681cae90e50729984e63c4551b0499a2295", kill_on_drop: false }`
[INFO] running `Command { std: "docker" "inspect" "0a265bb86a6d7703dd48538c7ccd9681cae90e50729984e63c4551b0499a2295", kill_on_drop: false }`
[INFO] running `Command { std: "docker" "rm" "-f" "0a265bb86a6d7703dd48538c7ccd9681cae90e50729984e63c4551b0499a2295", kill_on_drop: false }`
[INFO] [stdout] 0a265bb86a6d7703dd48538c7ccd9681cae90e50729984e63c4551b0499a2295
[INFO] running `Command { std: "docker" "create" "-v" "/var/lib/crater-agent-workspace/builds/worker-7/target:/opt/rustwide/target:rw,Z" "-v" "/var/lib/crater-agent-workspace/builds/worker-7/source:/opt/rustwide/workdir:ro,Z" "-v" "/var/lib/crater-agent-workspace/cargo-home:/opt/rustwide/cargo-home:ro,Z" "-v" "/var/lib/crater-agent-workspace/rustup-home:/opt/rustwide/rustup-home:ro,Z" "-e" "SOURCE_DIR=/opt/rustwide/workdir" "-e" "CARGO_TARGET_DIR=/opt/rustwide/target" "-e" "CARGO_INCREMENTAL=0" "-e" "RUST_BACKTRACE=full" "-e" "RUSTFLAGS=--cap-lints=forbid" "-e" "CARGO_HOME=/opt/rustwide/cargo-home" "-e" "RUSTUP_HOME=/opt/rustwide/rustup-home" "-w" "/opt/rustwide/workdir" "-m" "1610612736" "--user" "0:0" "--network" "none" "rustops/crates-build-env@sha256:d92eaeed33fa75130ca1ee6c8a01d1ffb62bac859dfdfb3450e3e5d1c0146529" "/opt/rustwide/cargo-home/bin/cargo" "+af3c6e733a40e671550e0f0f5aeecaa13772ba56" "check" "--frozen" "--all" "--all-targets" "--message-format=json", kill_on_drop: false }`
[INFO] [stdout] eba740ead6043632f6ef8313299e47247204925fe21d7adf67411046ad3618a9
[INFO] [stderr] WARNING: Your kernel does not support swap limit capabilities or the cgroup is not mounted. Memory limited without swap.
[INFO] running `Command { std: "docker" "start" "-a" "eba740ead6043632f6ef8313299e47247204925fe21d7adf67411046ad3618a9", kill_on_drop: false }`
[INFO] [stderr]    Compiling syn v1.0.40
[INFO] [stderr]    Compiling pin-project-internal v0.4.23
[INFO] [stderr]    Compiling proc-macro-nested v0.1.6
[INFO] [stderr]    Compiling memchr v2.3.3
[INFO] [stderr]    Compiling proc-macro-hack v0.5.18
[INFO] [stderr]     Checking once_cell v1.4.1
[INFO] [stderr]     Checking futures-sink v0.3.5
[INFO] [stderr]     Checking futures-core v0.3.5
[INFO] [stderr]     Checking futures-io v0.3.5
[INFO] [stderr]     Checking pin-utils v0.1.0
[INFO] [stderr]     Checking bytes v0.5.6
[INFO] [stderr]     Checking pin-project-lite v0.1.7
[INFO] [stderr]    Compiling serde v1.0.116
[INFO] [stderr]     Checking futures-channel v0.3.5
[INFO] [stderr]     Checking futures-task v0.3.5
[INFO] [stderr]    Compiling toml v0.5.6
[INFO] [stderr]    Compiling futures-macro v0.3.5
[INFO] [stderr]    Compiling tokio-macros v0.2.5
[INFO] [stderr]    Compiling proc-macro-crate v0.1.5
[INFO] [stderr]     Checking tokio v0.2.22
[INFO] [stderr]    Compiling substrate-test-utils-derive v0.8.0-rc6
[INFO] [stderr]     Checking pin-project v0.4.23
[INFO] [stderr]     Checking futures-util v0.3.5
[INFO] [stderr]     Checking futures-executor v0.3.5
[INFO] [stderr]     Checking futures v0.3.5
[INFO] [stderr]     Checking substrate-test-utils v2.0.0-rc6 (/opt/rustwide/workdir)
[INFO] [stdout] error[E0433]: failed to resolve: use of undeclared type or module `trybuild`
[INFO] [stdout]   --> tests/ui.rs:21:10
[INFO] [stdout]    |
[INFO] [stdout] 21 |     let t = trybuild::TestCases::new();
[INFO] [stdout]    |             ^^^^^^^^ use of undeclared type or module `trybuild`
[INFO] [stdout] 
[INFO] [stdout] 
[INFO] [stdout] error: aborting due to previous error
[INFO] [stdout] 
[INFO] [stdout] 
[INFO] [stdout] For more information about this error, try `rustc --explain E0433`.
[INFO] [stdout] 
[INFO] [stderr] error: could not compile `substrate-test-utils`.
[INFO] [stderr] 
[INFO] [stderr] To learn more, run the command again with --verbose.
[INFO] [stderr] warning: build failed, waiting for other jobs to finish...
[INFO] [stdout] error[E0432]: unresolved import `sc_service`
[INFO] [stdout]   --> tests/basic.rs:19:5
[INFO] [stdout]    |
[INFO] [stdout] 19 | use sc_service::{TaskExecutor, TaskType};
[INFO] [stdout]    |     ^^^^^^^^^^ use of undeclared type or module `sc_service`
[INFO] [stdout] 
[INFO] [stdout] 
[INFO] [stdout] error[E0433]: failed to resolve: could not find `time` in `tokio`
[INFO] [stdout]   --> tests/basic.rs:21:1
[INFO] [stdout]    |
[INFO] [stdout] 21 | #[substrate_test_utils::test]
[INFO] [stdout]    | ^^^^^^^^^^^^^^^^^^^^^^^^^^^^^ could not find `time` in `tokio`
[INFO] [stdout]    |
[INFO] [stdout]    = note: this error originates in an attribute macro (in Nightly builds, run with -Z macro-backtrace for more info)
[INFO] [stdout] 
[INFO] [stdout] 
[INFO] [stdout] error[E0433]: failed to resolve: could not find `time` in `tokio`
[INFO] [stdout]   --> tests/basic.rs:26:1
[INFO] [stdout]    |
[INFO] [stdout] 26 | #[substrate_test_utils::test]
[INFO] [stdout]    | ^^^^^^^^^^^^^^^^^^^^^^^^^^^^^ could not find `time` in `tokio`
[INFO] [stdout]    |
[INFO] [stdout]    = note: this error originates in an attribute macro (in Nightly builds, run with -Z macro-backtrace for more info)
[INFO] [stdout] 
[INFO] [stdout] 
[INFO] [stdout] error[E0433]: failed to resolve: could not find `time` in `tokio`
[INFO] [stdout]   --> tests/basic.rs:32:1
[INFO] [stdout]    |
[INFO] [stdout] 32 | #[substrate_test_utils::test(max_threads = 2)]
[INFO] [stdout]    | ^^^^^^^^^^^^^^^^^^^^^^^^^^^^^^^^^^^^^^^^^^^^^^ could not find `time` in `tokio`
[INFO] [stdout]    |
[INFO] [stdout]    = note: this error originates in an attribute macro (in Nightly builds, run with -Z macro-backtrace for more info)
[INFO] [stdout] 
[INFO] [stdout] 
[INFO] [stdout] error[E0433]: failed to resolve: could not find `time` in `tokio`
[INFO] [stdout]   --> tests/basic.rs:37:1
[INFO] [stdout]    |
[INFO] [stdout] 37 | #[substrate_test_utils::test]
[INFO] [stdout]    | ^^^^^^^^^^^^^^^^^^^^^^^^^^^^^ could not find `time` in `tokio`
[INFO] [stdout]    |
[INFO] [stdout]    = note: this error originates in an attribute macro (in Nightly builds, run with -Z macro-backtrace for more info)
[INFO] [stdout] 
[INFO] [stdout] 
[INFO] [stdout] error[E0433]: failed to resolve: could not find `time` in `tokio`
[INFO] [stdout]   --> tests/basic.rs:44:1
[INFO] [stdout]    |
[INFO] [stdout] 44 | #[substrate_test_utils::test]
[INFO] [stdout]    | ^^^^^^^^^^^^^^^^^^^^^^^^^^^^^ could not find `time` in `tokio`
[INFO] [stdout]    |
[INFO] [stdout]    = note: this error originates in an attribute macro (in Nightly builds, run with -Z macro-backtrace for more info)
[INFO] [stdout] 
[INFO] [stdout] 
[INFO] [stdout] error[E0433]: failed to resolve: could not find `time` in `tokio`
[INFO] [stdout]   --> tests/basic.rs:51:9
[INFO] [stdout]    |
[INFO] [stdout] 51 |     tokio::time::delay_for(std::time::Duration::from_secs(
[INFO] [stdout]    |            ^^^^ could not find `time` in `tokio`
[INFO] [stdout] 
[INFO] [stdout] 
[INFO] [stdout] error[E0425]: cannot find function `spawn` in crate `substrate_test_utils::tokio`
[INFO] [stdout]   --> tests/basic.rs:21:1
[INFO] [stdout]    |
[INFO] [stdout] 21 | #[substrate_test_utils::test]
[INFO] [stdout]    | ^^^^^^^^^^^^^^^^^^^^^^^^^^^^^ not found in `substrate_test_utils::tokio`
[INFO] [stdout]    |
[INFO] [stdout]    = note: this error originates in an attribute macro (in Nightly builds, run with -Z macro-backtrace for more info)
[INFO] [stdout] help: consider importing this function
[INFO] [stdout]    |
[INFO] [stdout] 19 | use std::thread::spawn;
[INFO] [stdout]    |
[INFO] [stdout] 
[INFO] [stdout] 
[INFO] [stdout] error[E0425]: cannot find function `spawn` in crate `substrate_test_utils::tokio`
[INFO] [stdout]   --> tests/basic.rs:26:1
[INFO] [stdout]    |
[INFO] [stdout] 26 | #[substrate_test_utils::test]
[INFO] [stdout]    | ^^^^^^^^^^^^^^^^^^^^^^^^^^^^^ not found in `substrate_test_utils::tokio`
[INFO] [stdout]    |
[INFO] [stdout]    = note: this error originates in an attribute macro (in Nightly builds, run with -Z macro-backtrace for more info)
[INFO] [stdout] help: consider importing this function
[INFO] [stdout]    |
[INFO] [stdout] 19 | use std::thread::spawn;
[INFO] [stdout]    |
[INFO] [stdout] 
[INFO] [stdout] 
[INFO] [stdout] error[E0425]: cannot find function `spawn` in crate `substrate_test_utils::tokio`
[INFO] [stdout]   --> tests/basic.rs:32:1
[INFO] [stdout]    |
[INFO] [stdout] 32 | #[substrate_test_utils::test(max_threads = 2)]
[INFO] [stdout]    | ^^^^^^^^^^^^^^^^^^^^^^^^^^^^^^^^^^^^^^^^^^^^^^ not found in `substrate_test_utils::tokio`
[INFO] [stdout]    |
[INFO] [stdout]    = note: this error originates in an attribute macro (in Nightly builds, run with -Z macro-backtrace for more info)
[INFO] [stdout] help: consider importing this function
[INFO] [stdout]    |
[INFO] [stdout] 19 | use std::thread::spawn;
[INFO] [stdout]    |
[INFO] [stdout] 
[INFO] [stdout] 
[INFO] [stdout] error[E0425]: cannot find function `spawn` in crate `substrate_test_utils::tokio`
[INFO] [stdout]   --> tests/basic.rs:37:1
[INFO] [stdout]    |
[INFO] [stdout] 37 | #[substrate_test_utils::test]
[INFO] [stdout]    | ^^^^^^^^^^^^^^^^^^^^^^^^^^^^^ not found in `substrate_test_utils::tokio`
[INFO] [stdout]    |
[INFO] [stdout]    = note: this error originates in an attribute macro (in Nightly builds, run with -Z macro-backtrace for more info)
[INFO] [stdout] help: consider importing this function
[INFO] [stdout]    |
[INFO] [stdout] 19 | use std::thread::spawn;
[INFO] [stdout]    |
[INFO] [stdout] 
[INFO] [stdout] 
[INFO] [stdout] error[E0425]: cannot find function `spawn` in crate `substrate_test_utils::tokio`
[INFO] [stdout]   --> tests/basic.rs:44:1
[INFO] [stdout]    |
[INFO] [stdout] 44 | #[substrate_test_utils::test]
[INFO] [stdout]    | ^^^^^^^^^^^^^^^^^^^^^^^^^^^^^ not found in `substrate_test_utils::tokio`
[INFO] [stdout]    |
[INFO] [stdout]    = note: this error originates in an attribute macro (in Nightly builds, run with -Z macro-backtrace for more info)
[INFO] [stdout] help: consider importing this function
[INFO] [stdout]    |
[INFO] [stdout] 19 | use std::thread::spawn;
[INFO] [stdout]    |
[INFO] [stdout] 
[INFO] [stdout] 
[INFO] [stdout] error[E0599]: no method named `basic_scheduler` found for struct `tokio::runtime::Builder` in the current scope
[INFO] [stdout]   --> tests/basic.rs:21:1
[INFO] [stdout]    |
[INFO] [stdout] 21 | #[substrate_test_utils::test]
[INFO] [stdout]    | ^^^^^^^^^^^^^^^^^^^^^^^^^^^^^ method not found in `tokio::runtime::Builder`
[INFO] [stdout]    |
[INFO] [stdout]    = note: this error originates in an attribute macro (in Nightly builds, run with -Z macro-backtrace for more info)
[INFO] [stdout] 
[INFO] [stdout] 
[INFO] [stdout] error[E0599]: no method named `basic_scheduler` found for struct `tokio::runtime::Builder` in the current scope
[INFO] [stdout]   --> tests/basic.rs:26:1
[INFO] [stdout]    |
[INFO] [stdout] 26 | #[substrate_test_utils::test]
[INFO] [stdout]    | ^^^^^^^^^^^^^^^^^^^^^^^^^^^^^ method not found in `tokio::runtime::Builder`
[INFO] [stdout]    |
[INFO] [stdout]    = note: this error originates in an attribute macro (in Nightly builds, run with -Z macro-backtrace for more info)
[INFO] [stdout] 
[INFO] [stdout] 
[INFO] [stdout] error[E0599]: no method named `basic_scheduler` found for struct `tokio::runtime::Builder` in the current scope
[INFO] [stdout]   --> tests/basic.rs:32:1
[INFO] [stdout]    |
[INFO] [stdout] 32 | #[substrate_test_utils::test(max_threads = 2)]
[INFO] [stdout]    | ^^^^^^^^^^^^^^^^^^^^^^^^^^^^^^^^^^^^^^^^^^^^^^ method not found in `tokio::runtime::Builder`
[INFO] [stdout]    |
[INFO] [stdout]    = note: this error originates in an attribute macro (in Nightly builds, run with -Z macro-backtrace for more info)
[INFO] [stdout] 
[INFO] [stdout] 
[INFO] [stdout] error[E0599]: no method named `basic_scheduler` found for struct `tokio::runtime::Builder` in the current scope
[INFO] [stdout]   --> tests/basic.rs:37:1
[INFO] [stdout]    |
[INFO] [stdout] 37 | #[substrate_test_utils::test]
[INFO] [stdout]    | ^^^^^^^^^^^^^^^^^^^^^^^^^^^^^ method not found in `tokio::runtime::Builder`
[INFO] [stdout]    |
[INFO] [stdout]    = note: this error originates in an attribute macro (in Nightly builds, run with -Z macro-backtrace for more info)
[INFO] [stdout] 
[INFO] [stdout] 
[INFO] [stdout] error[E0599]: no method named `basic_scheduler` found for struct `tokio::runtime::Builder` in the current scope
[INFO] [stdout]   --> tests/basic.rs:44:1
[INFO] [stdout]    |
[INFO] [stdout] 44 | #[substrate_test_utils::test]
[INFO] [stdout]    | ^^^^^^^^^^^^^^^^^^^^^^^^^^^^^ method not found in `tokio::runtime::Builder`
[INFO] [stdout]    |
[INFO] [stdout]    = note: this error originates in an attribute macro (in Nightly builds, run with -Z macro-backtrace for more info)
[INFO] [stdout] 
[INFO] [stdout] 
[INFO] [stdout] error: aborting due to 17 previous errors
[INFO] [stdout] 
[INFO] [stdout] 
[INFO] [stdout] Some errors have detailed explanations: E0425, E0432, E0433, E0599.
[INFO] [stdout] 
[INFO] [stdout] For more information about an error, try `rustc --explain E0425`.
[INFO] [stdout] 
[INFO] [stderr] error: build failed
[INFO] running `Command { std: "docker" "inspect" "eba740ead6043632f6ef8313299e47247204925fe21d7adf67411046ad3618a9", kill_on_drop: false }`
[INFO] running `Command { std: "docker" "rm" "-f" "eba740ead6043632f6ef8313299e47247204925fe21d7adf67411046ad3618a9", kill_on_drop: false }`
[INFO] [stdout] eba740ead6043632f6ef8313299e47247204925fe21d7adf67411046ad3618a9
